35454 - -35480. What is the highest common factor of 40378 and r?
26
Suppose 12*r - 475 = 52*r - 4675. What is the highest common factor of 1505 and r?
35
Suppose 25*q - 32*q = 84. Let d be 5 + 58/q - 625/(-30). Calculate the greatest common factor of 49 and d.
7
Suppose 5*j - 1845 = c, -3*j - 2*c + 599 = -508. Calculate the greatest common factor of j and 117.
9
Suppose -2*x - 66 = -q, -3*q - 7*x + 162 = -9*x. Calculate the highest common factor of 46800 and q.
48
Let k(u) = -u**3 - 4*u**2 + 4*u - 7. Let x be k(-5). Let c be 24 - 0/(3 + 0 + x). What is the highest common divisor of 78 and c?
6
Let f be (-2595)/6*(-2)/(-4 + 2 + 3). Calculate the highest common divisor of 55 and f.
5
Let d(q) = 8*q**2 + 10*q + 80. Let o(i) = 7*i**2 + 10*i + 80. Let b(p) = -6*d(p) + 7*o(p). Let x be b(-20). Calculate the highest common factor of x and 84.
28
Let a(r) = -8*r + 291. Let f be a(-10). Let i = f + -336. What is the greatest common divisor of 63 and i?
7
Let p(n) = 2*n + 39. Let g be p(-17). Let i be ((-15)/6)/g + 245/10. Let f be 30/(-35)*(1 - 15). Calculate the greatest common divisor of i and f.
12
Suppose 0 = -248*p + 245*p + 17595. Suppose 54*l - 69*l + p = 0. Calculate the greatest common divisor of 23 and l.
23
Let z be 51 - 0/(0 + -1). Let i = 56 - z. Suppose 4*q - r + 49 = 9*q, i*r = 3*q - 7. Calculate the greatest common divisor of 1 and q.
1
Let o be 10/30*1*-15. Let b be -10*(o + (-335)/(-25)). Let c be 2/((-2)/3)*b/9. What is the greatest common divisor of c and 308?
28
Let c(l) = -11*l + 65. Let d be c(22). Let x = 204 + d. Calculate the highest common factor of 54 and x.
27
Let x be ((-273)/(-117))/(-1 + 8/6). Let b(j) = j + 5. Let c be b(x). Calculate the highest common divisor of c and 288.
12
Suppose 43*x = 87*x + 49*x - 837. What is the highest common divisor of x and 4203?
9
Let o(p) = 4*p - 6. Let c be o(3). Let w be 87/(-9) - c/(-9). Let v be ((-2)/3)/(6/w) + 195. What is the highest common factor of v and 28?
28
Let w be (-2)/(-3) + 455/(-21). Let s = -28 - w. Let p be (-6)/15 - s/5. What is the highest common factor of 2 and p?
1
Suppose -6 + 3 = 3*j, 4*j + 12 = 4*z. Suppose 3*q - 18 - 79 = z*g, -43 = -2*q - 3*g. What is the greatest common divisor of q and 1073?
29
Suppose -1 = -20*i - 121. Let y be (-1799)/i - 10/(11 - 71). What is the highest common factor of 75 and y?
75
Let v be 1 + 342 + -3 + 0. Suppose 0 = -o + j + 328, j = -o + 5*j + v. Calculate the highest common divisor of 36 and o.
36
Suppose -31*w = -222 - 336. Let t(u) = -u**2 - 2*u - 3. Let g be t(-3). Let o be 2*(-2)/g*108. Calculate the highest common factor of o and w.
18
Let q(y) = y**3 + 14*y**2 + 13*y + 4. Let d be q(-13). Suppose d*o - 4*x = 4 + 8, 9 = 2*o - 5*x. Calculate the highest common factor of 10 and o.
2
Suppose -30*b + 17*b = 65. Let a be ((2358 - -7)/b)/(2 + -3). What is the highest common factor of a and 11?
11
Let z be 4582/638 - (-8)/(-44). Let y = -12 - -8. Let p(q) = -q**2 - 8*q - 2. Let o be p(y). Calculate the greatest common factor of z and o.
7
Let k = -410 - -412. Suppose 0 = 3*x + 4*z - 106, z - 79 = -k*x - 5. What is the greatest common divisor of 418 and x?
38
Suppose -18*f + 418 - 94 = 0. Suppose 5*s = 34 + 11. Calculate the highest common factor of f and s.
9
Suppose 0 = 5*x + 3*m + 2565, -x + 2*m + 3*m = 485. Let u = x - -1005. What is the highest common divisor of u and 55?
55
Let z(j) = j**3 + 10*j**2 - 23*j - 42. Let a be z(-12). Let n be ((a/(-15))/6)/(5/125). What is the highest common divisor of 285 and n?
15
Let f(c) = -12*c - 176. Let g be f(-23). Let a be 63/3 + (-3)/3 + 0. What is the greatest common divisor of a and g?
20
Let y = -117 - -21. Let f = 7 - y. Suppose 5*m - 5*c = 7*m - f, -4*m + 170 = -2*c. Calculate the highest common factor of m and 396.
44
Let l = -16 - -31. Let a be 275/10*18/l. Let f = -19 + a. What is the greatest common divisor of 14 and f?
14
Let a(d) = 1145*d + 15323. Let s be a(0). What is the highest common divisor of s and 77?
77
Let i be 2 + 2 - (-12)/(-2). Let h be i/8 - (-964)/16. Let w = -53 + h. What is the highest common factor of 35 and w?
7
Let b be (-4 + 10)*(608 + -13). What is the highest common factor of b and 140?
70
Let n = -5252 - -5460. Calculate the highest common factor of n and 3458.
26
Let r = -10926 - -10935. Calculate the highest common divisor of 26433 and r.
9
Let r(s) = -4*s**2 - 112*s - 206. Let g be r(-26). What is the highest common divisor of g and 134?
2
Let s be 0/(5 + (2 - 6)). Suppose 48 = -2*n - 4*l - s*l, -4*l + 16 = 0. Let w = n + 43. What is the greatest common factor of 11 and w?
11
Let s = 544 + -302. Suppose 8028 = 573*r - 17184. Calculate the greatest common factor of r and s.
22
Suppose 145 = a + 525. Let d = -330 - a. Let r be 5*5 + 0 + 0. What is the highest common factor of d and r?
25
Let y be ((-128)/(-112))/((-4)/(-14)). Suppose -3*x + l + 50 = -3*l, 4*x - y*l = 64. Let d be -4 - (x/1)/(-2). Calculate the greatest common factor of d and 15.
3
Let w(z) = 44*z**3 - 4*z**2 + 2*z + 1. Let n = 309 - 307. Let x be w(n). Calculate the greatest common divisor of 31 and x.
31
Let z be 5 + (-5 - -1) - (3 + -4610). Let f be (z/120)/(6/40). What is the greatest common divisor of 16 and f?
16
Suppose -t - 3*i + 122 = -391, -5*i = t - 517. Let r = -419 + t. What is the greatest common factor of r and 32?
8
Suppose 2*z = -3*x + 4*x + 1064, 2*x + 535 = z. Let a = 542 - z. Calculate the greatest common factor of a and 88.
11
Let a be (-3)/(2/2) + 35. Suppose 3*l - 5*f - 831 = 0, -f + 4*f - 9 = 0. Let s be 6 + l/(4 + -3). Calculate the greatest common factor of a and s.
32
Let c be 29/4 + (-9)/36. Suppose -c*d - d - 96 = 0. Let f be (-344)/(-14) - d/(-21). Calculate the greatest common divisor of 8 and f.
8
Let z(m) = -m**3 + 3*m**2 + 5*m - 14. Let k be z(2). Suppose 2*d = -3*b + 107, 2*d - 72 = 4*b - k*b. Calculate the greatest common factor of 2 and d.
2
Let r = -45 - -74. Suppose 4 = -3*p + 1, -3*p + r = 4*v. Let z = v + 4. Calculate the highest common factor of 4 and z.
4
Suppose -353 = -5*g + 2*g - 5*c, -4*g + 524 = -4*c. Let d be 25/6 + 2/(-12). Suppose 0*k = d*k - 72. Calculate the greatest common factor of g and k.
18
Let t(l) = 4 - l**3 - l**2 - 3*l**2 - 4*l**2 + 9*l. Let u = 1343 - 1352. Let p be t(u). Calculate the highest common divisor of 36 and p.
4
Let k = -19904 + 22526. Calculate the highest common divisor of k and 988.
38
Let w(r) = -3*r + 207. Let m be w(40). Suppose -m = -29*z - 0. Calculate the greatest common factor of z and 2.
1
Let z(d) = 196*d**2 - 1. Let t be z(-1). Let h = 226 - 393. Let a = 180 + h. What is the greatest common factor of a and t?
13
Suppose -4*z + 25 = 17. Let g(i) = -i. Let d(m) = 4*m**2 - m + 1. Let a(f) = 2*d(f) + 4*g(f). Let w be a(2). Calculate the greatest common divisor of w and z.
2
Let s(p) = 4*p**2 + 103*p + 741. Let w be s(-7). What is the highest common factor of w and 153?
9
Suppose 25*p + 26155 = 79255. What is the greatest common divisor of 432 and p?
36
Let z(b) = -2*b**3 + 2*b**2 + 3*b - 2. Let l be z(2). Let d be 5/20 + (-151)/l + -1. Suppose -95 = -2*s + d. Calculate the highest common factor of s and 6.
6
Let j be 268 - (275/(-75) + 2/(-6)). Suppose -w + 4*c = -3*w + j, 5*w = 2*c + 728. What is the greatest common factor of w and 9?
9
Let l(p) = -p**3 - 11*p**2 + 13*p + 285. Let t be l(-12). Calculate the greatest common divisor of 1729 and t.
91
Let d(y) = y**2 - y - 4. Let f be d(-6). Suppose 4*k + 84 = -4*g, -6*g + k = -g + 93. Let i = 76 + g. Calculate the highest common factor of i and f.
19
Let j(v) = -v**2 - 3*v + 20. Let g be j(-6). Suppose 0 = g*a + y - 11, y = -5*a - 0*y + 29. What is the highest common divisor of a and 20?
2
Suppose -266*h - 2 = -267*h. Suppose u + h + 34 = 5*m, 0 = 5*u - 20. What is the greatest common divisor of 24 and m?
8
Suppose 0 = 1215*k - 1223*k + 16896. Calculate the greatest common factor of k and 88.
88
Suppose 0 = -4*w, 0 = -v - 28*w + 23*w + 45. Let m = -9 - -8. Let q(o) = -16*o - 1. Let f be q(m). Calculate the highest common divisor of v and f.
15
Let r = 490 + 7. Let m = r + -322. Suppose 4*v - 2*l - 110 = 0, 0*v = -4*v - 3*l + 85. Calculate the greatest common divisor of v and m.
25
Let f = 21595 - 3505. Calculate the highest common factor of 60 and f.
